{"id":50,"date":"2021-03-01T15:11:41","date_gmt":"2021-03-01T14:11:41","guid":{"rendered":"https:\/\/lapetitesourcegrezdoiceau.wordpress.com\/?page_id=50"},"modified":"2024-03-21T15:17:55","modified_gmt":"2024-03-21T14:17:55","slug":"pari","status":"publish","type":"page","link":"http:\/\/lapetitesource.be\/?page_id=50","title":{"rendered":"P\u00f4le territorial : le PtARI"},"content":{"rendered":"\n<p>L\u2019\u00e9cole La Petite Source est \u00e9galement un des \u00ab\u202fP\u00f4les territorial Am\u00e9nagements Raisonnables et Int\u00e9grations\u202f\u00bb (PtARI).&nbsp; Les PtARI ambitionnent de devenir un v\u00e9ritable centre de ressources pour la prise en charge des \u00e9l\u00e8ves \u00e0 besoins sp\u00e9cifiques. Chaque p\u00f4le dispose d\u2019un coordinateur. Dans notre p\u00f4le, la coordinatrice est <strong>Laurence&nbsp;Bastin<\/strong>.&nbsp;&nbsp;<\/p>\n\n\n\n<p>Les objectifs du PtARI sont\u202f notamment, de donner des informations concernant les am\u00e9nagements raisonnables aux \u00e9tablissements d\u2019enseignement ordinaire, d\u2019accompagner les \u00e9quipes \u00e0 la mise en place de ces am\u00e9nagements, de faciliter l\u2019\u00e9change d\u2019informations et de conseiller les \u00e9quipes p\u00e9dagogiques et de s\u2019inscrire dans une d\u00e9marche d\u2019\u00e9cole inclusive.&nbsp;&nbsp;<\/p>\n\n\n\n<p><\/p>\n\n\n\n<h3><strong>Contact :<\/strong><\/h3>\n\n\n\n<p>Laurence Bastin<\/p>\n\n\n\n<p>0470\/13.11.76<\/p>\n\n\n\n<p>laurencebastin@ptaribw.be<\/p>\n\n\n\n<p><a href=\"https:\/\/www.ptaribw.be\/\" data-type=\"URL\" data-id=\"https:\/\/www.ptaribw.be\/\">https:\/\/www.ptaribw.be\/<\/a><\/p>\n\n\n\n<p><\/p>\n","protected":false},"excerpt":{"rendered":"<p>L\u2019\u00e9cole La Petite Source est \u00e9galement un des \u00ab\u202fP\u00f4les territorial Am\u00e9nagements Raisonnables et Int\u00e9grations\u202f\u00bb (PtARI).&nbsp; Les PtARI ambitionnent de devenir un v\u00e9ritable centre de ressources pour la prise en charge&hellip; <a href=\"http:\/\/lapetitesource.be\/?page_id=50\" class=\"more-link\">Continue reading <span class=\"screen-reader-text\">P\u00f4le territorial : le PtARI<\/span><\/a><\/p>\n","protected":false},"author":1,"featured_media":664,"parent":0,"menu_order":0,"comment_status":"closed","ping_status":"closed","template":"","meta":[],"_links":{"self":[{"href":"http:\/\/lapetitesource.be\/index.php?rest_route=\/wp\/v2\/pages\/50"}],"collection":[{"href":"http:\/\/lapetitesource.be\/index.php?rest_route=\/wp\/v2\/pages"}],"about":[{"href":"http:\/\/lapetitesource.be\/index.php?rest_route=\/wp\/v2\/types\/page"}],"author":[{"embeddable":true,"href":"http:\/\/lapetitesource.be\/index.php?rest_route=\/wp\/v2\/users\/1"}],"replies":[{"embeddable":true,"href":"http:\/\/lapetitesource.be\/index.php?rest_route=%2Fwp%2Fv2%2Fcomments&post=50"}],"version-history":[{"count":8,"href":"http:\/\/lapetitesource.be\/index.php?rest_route=\/wp\/v2\/pages\/50\/revisions"}],"predecessor-version":[{"id":667,"href":"http:\/\/lapetitesource.be\/index.php?rest_route=\/wp\/v2\/pages\/50\/revisions\/667"}],"wp:featuredmedia":[{"embeddable":true,"href":"http:\/\/lapetitesource.be\/index.php?rest_route=\/wp\/v2\/media\/664"}],"wp:attachment":[{"href":"http:\/\/lapetitesource.be\/index.php?rest_route=%2Fwp%2Fv2%2Fmedia&parent=50"}],"curies":[{"name":"wp","href":"https:\/\/api.w.org\/{rel}","templated":true}]}}