{"id":47,"date":"2021-03-01T15:11:39","date_gmt":"2021-03-01T14:11:39","guid":{"rendered":"https:\/\/lapetitesourcegrezdoiceau.wordpress.com\/?page_id=47"},"modified":"2024-12-05T14:37:16","modified_gmt":"2024-12-05T13:37:16","slug":"equipe","status":"publish","type":"page","link":"http:\/\/lapetitesource.be\/?page_id=47","title":{"rendered":"Notre \u00e9quipe"},"content":{"rendered":"\n<p>L\u2019\u00e9quipe \u00e9ducative de l\u2019\u00e9cole est compos\u00e9e de deux p\u00f4les : <\/p>\n\n\n\n<p>un p\u00f4le p\u00e9dagogique et un p\u00f4le param\u00e9dical (kin\u00e9sith\u00e9rapeute, logop\u00e8de, neuropsychologue) travaillant en \u00e9troite collaboration aupr\u00e8s des \u00e9l\u00e8ves.<\/p>\n","protected":false},"excerpt":{"rendered":"<p>L\u2019\u00e9quipe \u00e9ducative de l\u2019\u00e9cole est compos\u00e9e de deux p\u00f4les : un p\u00f4le p\u00e9dagogique et un p\u00f4le param\u00e9dical (kin\u00e9sith\u00e9rapeute, logop\u00e8de, neuropsychologue) travaillant en \u00e9troite collaboration aupr\u00e8s des \u00e9l\u00e8ves.<\/p>\n","protected":false},"author":1,"featured_media":615,"parent":0,"menu_order":0,"comment_status":"closed","ping_status":"closed","template":"","meta":[],"_links":{"self":[{"href":"http:\/\/lapetitesource.be\/index.php?rest_route=\/wp\/v2\/pages\/47"}],"collection":[{"href":"http:\/\/lapetitesource.be\/index.php?rest_route=\/wp\/v2\/pages"}],"about":[{"href":"http:\/\/lapetitesource.be\/index.php?rest_route=\/wp\/v2\/types\/page"}],"author":[{"embeddable":true,"href":"http:\/\/lapetitesource.be\/index.php?rest_route=\/wp\/v2\/users\/1"}],"replies":[{"embeddable":true,"href":"http:\/\/lapetitesource.be\/index.php?rest_route=%2Fwp%2Fv2%2Fcomments&post=47"}],"version-history":[{"count":7,"href":"http:\/\/lapetitesource.be\/index.php?rest_route=\/wp\/v2\/pages\/47\/revisions"}],"predecessor-version":[{"id":679,"href":"http:\/\/lapetitesource.be\/index.php?rest_route=\/wp\/v2\/pages\/47\/revisions\/679"}],"wp:featuredmedia":[{"embeddable":true,"href":"http:\/\/lapetitesource.be\/index.php?rest_route=\/wp\/v2\/media\/615"}],"wp:attachment":[{"href":"http:\/\/lapetitesource.be\/index.php?rest_route=%2Fwp%2Fv2%2Fmedia&parent=47"}],"curies":[{"name":"wp","href":"https:\/\/api.w.org\/{rel}","templated":true}]}}

Notre équipe

<p>L’équipe éducative de l’école est composée de deux pôles : </p>



<p>un pôle pédagogique et un pôle paramédical (kinésithérapeute, logopède, neuropsychologue) travaillant en étroite collaboration auprès des élèves.</p>

<p>L’équipe éducative de l’école est composée de deux pôles : un pôle pédagogique et un pôle paramédical (kinésithérapeute, logopède, neuropsychologue) travaillant en étroite collaboration auprès des élèves.</p>
